t f = -37 - h. Let r(j) = j**2 + 4*j + 8. Calculate r(f).
20
Let w(i) be the first derivative of -i**4/4 + 10*i**3/3 - 10*i**2 + 32*i - 23. Give w(8).
0
Let r(f) be the second derivative of 5*f**4/12 - 12*f**3 + 75*f**2/2 - 150*f. Let s(x) = x**2 - 14*x + 15. Let u(v) = -2*r(v) + 11*s(v). Calculate u(6).
-9
Let n be 18/30*(-6)/((-162)/(-45)). Let i(v) = 6*v**3 - v**2 - 4*v - 2. What is i(n)?
-5
Let q(z) = -39*z + 202. Let v(r) = 74*r - 407. Let n(t) = 5*q(t) + 3*v(t). Determine n(8).
5
Let y(w) = -7*w + 14. Let q(h) = 9*h - 15. Let i(r) = -4*q(r) - 5*y(r). Let n(k) = -k**3 - 5*k**2 + 9*k + 9. Let b be n(-6). What is i(b)?
-1
Suppose 21*f = 12*f + 207. Suppose 0 = -2*y + f - 39. Let p(t) = t + 11. Determine p(y).
3
Let m(p) = 9*p**2 + 25*p - 6. Let o(x) = -19*x**2 - 57*x + 13. Let u(s) = 7*m(s) + 3*o(s). What is u(1)?
7
Suppose 2*g - 8 = -0*g + 2*n, -2*g - 3*n + 3 = 0. Suppose x + g - 8 = 0, -2*h - 5*x = -29. Let v(o) = -7 + 8 - 5 + 3*o + h + o**2. Determine v(-3).
-2
Let o(q) = -q**3 + 12*q - 3. Let l be o(-4). Suppose -l = 13*h - 78. Let z(r) = -4*r + 4. Calculate z(h).
-16
Suppose 32 = 65*b - 241 + 13. Let j(d) = -6*d**2 - d + 6. Determine j(b).
-94
Suppose 0 = 5*p + 3*l - 0*l + 630, -5 = l. Let z = -121 - p. Let b(s) = 12*s - 3. What is b(z)?
21
Suppose -a + 2*a - 4*t = -1, -a = 2*t - 5. Let j be (6 - (5 + a)) + 4. Let u(h) = h**3 + h**2 - 4*h + 3. Determine u(j).
7
Let a be 14 - 1320/96 - (-2)/(-8). Let b(q) be the first derivative of -1/3*q**3 + 0*q + 47 + a*q**2. Calculate b(-2).
-4
Let q = -272 - -270. Let y be -4*(-5)/80*2*q. Let n(v) = -7*v - 2. Give n(y).
5
Let f(q) be the first derivative of 5*q**2/2 - 3*q - 108. Let b(z) = -11*z + 7. Let y(g) = 6*b(g) + 13*f(g). Let l be (7 + 0)*36/(-42). Calculate y(l).
9
Let c(i) be the first derivative of i**5/120 - 5*i**4/24 - 14*i**3/3 + 149. Let z(f) be the third derivative of c(f). Determine z(4).
-1
Let n(f) = f**2 - 4*f + 7. Suppose -k + 4*y + 91 = 0, -5*k - 4*y + 264 = -k. Suppose -55 = -18*u + k. Determine n(u).
28
Let p = 32 + -36. Let s be (-7)/p + (-9)/(-36). Let g(v) = -15*v**s + 59*v - 67*v + 2 + 14*v**2 + 0. What is g(-6)?
14
Let b(z) be the third derivative of z**6/120 - 3*z**5/5 - 19*z**4/12 + 19*z**3/3 - 230*z**2. Determine b(37).
1
Let b(z) be the first derivative of 2*z**3/3 - 109*z**2/2 - 49*z - 1998. Give b(55).
6
Let p be -3 - -3*10/6. Let b(y) = 3*y - 1. Let a(t) = -5*t + 12. Let f(k) = p*b(k) + a(k). What is f(8)?
18
Let m = 3 + -2. Let d(w) = -4 + 2*w + 0 - m. Let j be (5/(-2) - 0)/((-33)/66). Calculate d(j).
5
Let o be (-904)/(-113) - ((11 - -1) + -1). Let w(z) = z**3 + 8*z**2 + 12*z - 2. Calculate w(o).
7
Let a(y) = -7*y - 233 - y**2 + 29 + 188. Determine a(-5).
-6
Let d(u) be the first derivative of -u**7/840 + u**6/45 - u**5/12 + u**4/12 - 227*u**3/3 - 46. Let h(i) be the third derivative of d(i). What is h(7)?
-19
Let s(k) be the second derivative of k**4/12 - 4*k**3 + 43*k**2/2 + 6*k + 67. Calculate s(18).
-65
Suppose -875 = -10*c - 65. Let l = -80 + c. Let p(y) = -17*y**2. Give p(l).
-17
Let x = 313 + -309. Suppose -3*w = 2*w + 2*h - 24, x*w - 18 = -h. Let t(j) = 2*j + j**2 + 5 - 5*j + 0. Calculate t(w).
9
Let h(r) = 1440 - 1452 - 159*r + 155*r. Calculate h(7).
-40
Suppose 9*u - 51*u + 15*u + 54 = 0. Let i(q) = 5*q**2 + 3. Give i(u).
23
Let c(x) be the third derivative of -x**5/12 + 3*x**4/4 - x**3/6 + 1361*x**2. Calculate c(3).
8
Let j = -20 + 30. Let v be 2 + (5/j - 1/(-2)). Let d(f) = 4*f - 8*f - 2 + 6*f - 2. Give d(v).
2
Let c(q) = 3 - 2*q**2 + 271*q - 3 - 275*q. Let b be (-4 - -9)*36/(-10). Let t be ((-4)/6)/((-4)/b). Determine c(t).
-6
Let d(l) = -l**3 - 5*l**2 + 10. Suppose 57*f + 1047 = -186*f - 106*f. Give d(f).
-8
Let c be (-54)/4 - 1/(-2). Let s(j) = -458*j + 9020 + 459*j - 9001 + j**3 + 13*j**2. Calculate s(c).
6
Let p(d) = 158*d + 6*d**2 - d**2 - 319*d + 163*d. Determine p(-2).
16
Let j(w) = -w**3 - 9*w**2 - 5*w + 2. Let k be (411/6)/(6/(-48)). Let z = -556 - k. Calculate j(z).
-22
Let r(v) = v**3 + v**2 + 3*v + 1. Suppose -8*q = -3*q - 2*g - 89, -q + 10 = -3*g. Let a = q - 15. Suppose j = -2*p, 0 = -5*p - 4*j + a + 2. Give r(p).
-9
Let s(n) = 4 + 2*n - 10 + 3*n - 19. Let y be s(6). Let j(a) = -6*a - y + 23*a - 16*a. Calculate j(0).
-5
Let t(x) = -5*x**2 + 12*x - 1. Let o = 7736 - 7731. Give t(o).
-66
Let a(z) be the second derivative of -1/2*z**2 - 3*z + 0*z**3 + 1/10*z**5 + 1/2*z**4 + 6. Determine a(-3).
-1
Let j(l) = -l**3 + 7*l**2 - 10*l - 3. Let x be j(5). Let i(c) = c - 1. Let m = 59 + -60. Let u(v) = 13*v. Let g(p) = m*u(p) + 4*i(p). Give g(x).
23
Let l = 184 - 181. Let q(n) = 1340*n**3 - 1339*n**l - 3*n**2 + 7*n - 6 + 11*n**2. Let r be (2/(-4))/((-1)/(-14)). What is q(r)?
-6
Suppose 2*s - 5*t - 20 = 0, -2*s - 12 = 7*t - 4*t. Let y(k) = 0 + 0 + s + 2 + 2*k. Give y(-9).
-16
Let y(p) be the second derivative of p**3/6 + 5*p**2/2 + 146*p. Let i be y(-8). Let s(c) = -c**2 - 2*c + 4. Determine s(i).
1
Let i = 15 + 228. Let t(j) = -120*j + 0*j**2 + i*j + 10*j**2 - 122*j. Calculate t(-1).
9
Let u(k) be the third derivative of k**6/120 - k**5/60 - k**4/24 - 2*k**3/3 - 2*k**2 - 256. Calculate u(3).
11
Let l be 4/20 - (1 + 28/(-10)). Let h(v) = 90 + l*v - 86 - 2*v + v**2. Suppose -4*i + 2 + 12 = 2*k, -5*i = 2*k - 16. Give h(k).
13
Suppose -o + 33 = 3*n, -4*n - o = -0*n - 43. Let w(x) = 5 + n - 1 - x. Let i be (8 - 12) + 1 + (12 - 2). Calculate w(i).
7
Let y(z) = 5*z**2 - 9*z**2 + 3*z + 18*z**2 + 5*z + 26. Let k be y(-6). Let b(g) = g + k - 487 + 0*g. Give b(7).
2
Let v(z) = -2*z + 1. Let y(u) = -5*u + 2. Suppose -7*a - 85 = 6. Let q(w) = a*v(w) + 6*y(w). Give q(2).
-9
Let b(q) be the first derivative of q**3/6 - 4*q**2 - 59*q + 15. Let l(n) be the first derivative of b(n). Give l(6).
-2
Let s(x) = 0 - 3 - 8*x**2 - 5*x**2 - 7*x + 5*x**2 - x**3. Let v(j) = -j**2 + 14*j - 47. Let c be v(11). Let n be 2*(-3)/((-12)/c). What is s(n)?
-3
Let g = 2 + -186. Let o = 325 + g. Let f(n) = -72*n + 1 + 1 - 73*n + o*n + n**2. Determine f(3).
-1
Let c(m) = -3*m**3 - 241*m**2 + 148*m - 1101. Let q be c(-81). Let n(l) = -6*l + 196. Calculate n(q).
-2
Let d(v) = -8*v - 2. Let q(c) = c. Let b(z) = -d(z) - 6*q(z). Let s = 183 - 183. Suppose -48 = 12*y - s*y. Calculate b(y).
-6
Let c(k) be the second derivative of k**4/6 + 8*k**3 + 35*k**2/2 - k - 667. What is c(-24)?
35
Suppose 0 = -2*o + 3 + 5. Let n(s) = -2*s - s - 2 - 15*s + 17*s. What is n(o)?
-6
Let f be (-4)/((-2)/(-3)*(-15)/10). Let k(z) = -3*z**3 + 57*z**2 + f*z**3 - 58*z**2 - 5*z + 3. What is k(3)?
6
Let q(r) = -r**3 + 35*r**2 + 122*r - 303. Let s be q(38). Let w(a) = -2 - 12*a + 3 + 0. Determine w(s).
-11
Let p = -297 - -310. Suppose -17*x + 21 + p = 0. Let s(k) = 5*k**3 - 3*k**2 + k. What is s(x)?
30
Let f(v) = -5*v**2 - 2*v + 3. Suppose 12812*q = 12827*q - 45. Calculate f(q).
-48
Let a(l) = 4*l - 2. Let b be a(2). Suppose 48 = 3*w - 5*d, 3*w + 21 = b*w + 4*d. Let t(z) = -z**2 + 12*z - 14. Calculate t(w).
-3
Let l(m) = 12316*m**3 - 6157*m**3 + 2 + 0 + 26*m**2 - 6158*m**3 + 0. Let c be (-4)/6 - 76/3. Calculate l(c).
2
Let i(b) = -b**2 - 8*b + 6. Let x(h) = -4*h - 2. Let d be (-3 - 17/(-5))/(2/5). Let k be x(d). Give i(k).
18
Suppose 2*a + 5 = 2*b + 3, -6 = 2*b. Let r(w) = 20*w**2 - 99*w + 14. Let l(z) = 7*z**2 - 35*z + 5. Let x(c) = -17*l(c) + 6*r(c). What is x(a)?
11
Suppose 2*o = 3*k - 102, o + 5*k = 3*o + 106. Let c = o - -450. Let t(r) = -c + r + 2*r + 402. Give t(2).
6
Suppose -2*o = -6*o + 16. Let z(h) = -21*h + 6. Let a(d) = 22*d + d + 37*d - 17. Let r(t) = -6*a(t) - 17*z(t). Determine r(o).
-12
Let i(r) = r**3 + 6*r**2 - r - 7. Let a(y) = -y**2 + 7*y - 12. Let u be a(6). Let x be i(u). Let q(w) = -14*w + 1 + 15*w + w + 2*w**2. Give q(x).
1
Let t(g) be the first derivative of 3*g**2 + 4*g - 195. Let r(b) = -b**3 - 9*b**2 - 11*b - 21. Let k be r(-8). What is t(k)?
22
Let h(i) be the second derivative of i**5/20 - i**4/6 + i**3/3 - 10*i**2 + 32*i - 40. Determine h(3).
-5
Let j(s) = s**3 + 18*s**2 + 12*s - 104. Let u be j(-17). Let p(x) = -8 + 1 - x**3 - 15*x**2 - 2 - 3*x**2 + 19*x. What is p(u)?
-9
Let l(i) = 2*i - 38. Let k be l(15). Let y(j) be the first derivative of j**3/6 - j**2 + j + 14. Let q(d) be the first derivative of y(d). Determine q(k).
-10
Let y(i) = 3*i**2 - 25*i - 14. Let o = -7220 - -723